 n = w*y. What is the remainder when c is divided by 10?
6
Suppose 0 = 6*n + u - 1137 - 2061, -n - 5*u = -562. Calculate the remainder when n is divided by 128.
20
Suppose 0 = -215*g + 217*g - 186. What is the remainder when g is divided by (-2)/(-12) - (2 + (-930)/36)?
21
Let z be 2040/42 + 8/42*-3. Let f = 79 - z. Suppose 8*g + f = 9*g. What is the remainder when g is divided by 16?
15
Let r(h) = -88*h + 50. Let s be r(-23). Suppose -s = -3*p + 2*t, p + 3462 = 6*p - 2*t. Calculate the remainder when p is divided by 29.
27
Suppose 29*t = -51*t + 4141 + 1459. What is the remainder when 1048 is divided by t?
68
Suppose -461 - 692 = -4*c + d, 4*c - 4*d = 1132. Calculate the remainder when 884 is divided by c.
14
Let b(u) = -u + 26. Let c be -90 + 94 + 6/1. What is the remainder when b(c) is divided by 4?
0
What is the remainder when 963 is divided by (-78 - -70) + (44/1)/2?
11
Let j be 9*1 + 41 + -46. Suppose 5*t - 5*f - 1905 = 0, 3*t + 0*f - 1143 = j*f. Calculate the remainder when t is divided by 24.
21
What is the remainder when 45 is divided by 1 + -3 - -6 - -7?
1
Suppose -5*c - 2*n = -618, -5*c - 8*n + 630 = -3*n. Let y = -114 + c. Calculate the remainder when (-2 + 1)/((-1)/15) is divided by y.
7
Let f = 8 + -1. Suppose -12*l = -2732 - 604. Suppose s = -5*a + 485, 77*a = 80*a - 2*s - l. Calculate the remainder when a is divided by f.
5
Suppose 0 = -3*w + w - 2*c + 28, -4*w = -2*c - 26. Let r(x) = -21*x**3 - x - 1. Let a = -4 - -3. What is the remainder when r(a) is divided by w?
3
Let w(h) = 6*h**2 - 24*h - 250. What is the remainder when (89/4)/((-2)/(-8)) is divided by w(9)?
9
Let p be 0*((-153)/(-27) + -6). Suppose u = -u, 5*q + 2*u - 85 = p. Calculate the remainder when 165 is divided by q.
12
Suppose -5*x - 5*i + 195 = 0, x + i - 3*i - 42 = 0. Suppose -32*r = -27*r + 10. What is the remainder when x is divided by 4 + (36/(-60))/(r/10)?
5
Let j = -9625 + 9861. Calculate the remainder when 472 is divided by j.
0
Let s(y) = 4*y - 211. Let m be s(56). Suppose -m - 23 = -w. Calculate the remainder when 114 is divided by w.
6
Suppose 0 = 105*h - 142*h + 2072. What is the remainder when 2183 is divided by h?
55
Suppose -4*a - 15 = -4*w + 41, -a = -2. Suppose 0 = 11*y - 160 - 588. Suppose -y = -13*r + 62. What is the remainder when w is divided by r?
6
Suppose -43 = -3*n - p, 5*n - 2*p = n + 64. Let u(k) = 2*k**3 + 44*k**2 + 72. Calculate the remainder when u(-22) is divided by n.
12
Suppose -s = 5*h - 4, 29 - 11 = 2*s + 5*h. Let x be 1/(-1)*15/(15/16). Calculate the remainder when 1/2*(2 - x)*3 is divided by s.
13
Calculate the remainder when 3912/(-40)*210/(-63) is divided by 62.
16
Let p = -27992 + 28065. What is the remainder when 1073 is divided by p?
51
Let p = -3377 + 3509. What is the remainder when p is divided by 68?
64
Suppose 4*q + 0 = -5*p + 33, 3*p + 2*q - 19 = 0. What is the remainder when 1028 is divided by p?
3
What is the remainder when 289 is divided by ((-68)/6)/(-8 - 138/(-18))?
17
Suppose 27*s - 33*s + 378 = 0. Calculate the remainder when 1 + -1 - (-2835)/s is divided by 3.
0
Let x(d) = 61*d + 594. Calculate the remainder when 330 is divided by x(-7).
163
Let u(r) = -r**2 - 7*r - 4. Let k be u(-5). Let z be 2*(-6)/4 + k. Suppose 25 = -z*v + 76. Calculate the remainder when v is divided by 10.
7
Let c(y) = -10*y**3 - 302*y**2 - 62*y - 7. What is the remainder when 7684 is divided by c(-30)?
52
Let i = 36 - -58. Let x(b) = -b**3 - 13*b**2 - 20*b + 42. What is the remainder when i is divided by x(-11)?
14
Suppose 5*d = 4*c + 793, 10*c = -4*d + 6*c + 620. Suppose -2*g + 7 = 4*j - d, g = 5*j - 212. What is the remainder when 123 is divided by j?
39
Let w(n) = n**3 - 6*n**2 - 16*n + 8. Let v be w(5). Let z = v + 132. Calculate the remainder when z is divided by 17.
1
Suppose 2*q + 4*b - 36 = 0, 0 = -45*q + 47*q - b - 26. Calculate the remainder when 25 + 5/(15/6) is divided by q.
13
Let o(l) = -17*l + 10. What is the remainder when 324 is divided by o(-3)?
19
Suppose 2*d = -114 + 106. Let h = 26 + d. Suppose 3*m + 0*m = -2*p + 123, -p = -3*m + 123. What is the remainder when m is divided by h?
19
Let w(o) = -21*o**2 - 307*o - 3. Let k = -56 + 100. What is the remainder when w(-13) is divided by k?
43
Let o = 662 - 203. Suppose 0 = 12*j - 933 - o. What is the remainder when j is divided by 24?
20
Suppose 0*a + 3*a - 216 = 0. Suppose 0 = -a*y + 71*y + 18. Suppose 16*j = y*j - 66. What is the remainder when j is divided by 12?
9
Let q = -9100 + 9121. What is the remainder when 1279 is divided by q?
19
Let m(f) = -40*f**3 + f**2 - 4. Calculate the remainder when m(-2) is divided by 10/80*-8*-17.
14
What is the remainder when 1173 is divided by (45/(-5))/(6/(-28))?
39
Let d(b) = -b**3 + 6*b**2 - 5*b + 7. Calculate the remainder when (-373 - (0 + 6))*-1 is divided by d(4).
18
Suppose 3*p - 5*c - 6175 = 0, 67*c - 70*c + 10235 = 5*p. What is the remainder when p is divided by 187?
180
Suppose -k - 3*w + 8*w + 23 = 0, 28 = 2*k - 4*w. Suppose -16*h = -k*h - 184. What is the remainder when 56 is divided by h?
10
Let a(i) = -i**2 - 108*i - 2701. What is the remainder when 309 is divided by a(-42)?
25
Suppose 0 = b - 5 + 2. Suppose 63*d - 66*d - 87 = 0. Let k = 42 + d. What is the remainder when k is divided by b?
1
Let n = -23 - -100. Suppose -n = -4*a + o, -4*a + 2*o + 20 = -58. Suppose 2*s - 96 = 128. Calculate the remainder when s is divided by a.
17
Suppose -6*a - 133*a + 4620 = -29*a. Calculate the remainder when 8817 is divided by a.
39
Let x = -16986 + 17096. What is the remainder when 311 is divided by x?
91
Suppose u = -3*z + 3, 0*u - 21 = 3*u - z. Let g(k) = -2*k**2 - 8*k + 40. Calculate the remainder when 22 is divided by g(u).
6
Let v be -2 + (3 - 0) + 2. Suppose -v*p - 1 = -2*t + 8, 2*t + 5*p - 17 = 0. Suppose -t*u = -12*u + 198. What is the remainder when 96 is divided by u?
30
Let t = 2 - -101. Suppose -3030 = 175296*w - 175397*w. What is the remainder when t is divided by w?
13
Let x = 443 - 229. Suppose 44*q = -8 + 404. What is the remainder when x is divided by q?
7
Suppose -1933 = 78*x - 10669. What is the remainder when x is divided by 23?
20
Let t(a) = 3*a + 25. Suppose -5*g = -g - 2*w - 28, w = 5*g - 29. Let f(d) = 4*d - 7. Calculate the remainder when t(8) is divided by f(g).
10
What is the remainder when (-14)/(-63)*-9 - (-2053 - -1)/4 is divided by 49?
21
Let b(t) = -33*t - 15 + 68*t - 37*t. Let h be b(-8). What is the remainder when 69 is divided by 27 - -6 - (-4)/(2/h)?
34
Suppose n = -0*n + 5*p + 16, -3*p = -3*n + 84. Let g be (49 - -14)/(0 - -1). Suppose 65*u = g*u + 244. What is the remainder when u is divided by n?
29
What is the remainder when 250 is divided by -1 + (-1)/3 - 46215/(-1755)?
0
Suppose -5*w + 747 - 128 = 2*r, -w - r = -125. Calculate the remainder when 734 is divided by w.
119
Suppose -j = -0*j + 33. Let m = -12 - j. What is the remainder when 37 is divided by 3/m - 69/(-7)?
7
Let j = 55 - 31. Let u = -24 + j. Suppose y + 5*h - 3*h = 52, -4*y - 5*h + 208 = u. Calculate the remainder when y is divided by 6.
4
Suppose 6*j - 30 + 6 = 0. Suppose -3*m = -j - 56. Calculate the remainder when 38 is divided by m.
18
What is the remainder when 693 is divided by (-7)/21*(-8 - 34)?
7
Suppose 62*t - 59*t = -4*v + 1501, -5*t = -3*v + 1133. Calculate the remainder when v is divided by 76.
72
Let f = 9154 - 9123. Calculate the remainder when 105 is divided by f.
12
Let g = -7 - -25. Let l = 20 - g. Suppose l*b - 4*b = -108. Calculate the remainder when b is divided by 14.
12
Let m(z) = 13*z + 474. Let s be ((-18)/(-7))/((-12)/(9 - -159)). What is the remainder when 36 is divided by m(s)?
0
Let h = 1731 - 1652. What is the remainder when 191 is divided by h?
33
Let c = 283 + -156. Calculate the remainder when c is divided by 0 + 2/2 - (-1071)/119.
7
Let s = 559 - 248. Let y = s + -183. Suppose -186 - y = -2*m. What is the remainder when m is divided by 40?
37
Let i be ((-1)/(1/1))/1. Let r be (10 - i/((-10)/(-4)))*-5. Let q = -41 - r. What is the remainder when 40 is divided by q?
7
Let s = -37 + 102. Calculate the remainder when s is divided by 10*(1 + (-35)/(-14)).
30
Suppose -13*i - 19 = -2*c - 18*i, 2*i = -3*c + 56. What is the remainder when c is divided by 6?
4
Let l = -5 + 73. Suppose 4*c = 52 + 